ase 8) in base 10?
-455220
What is -3110313100 (base 4) in base 16?
-d4dd0
What is 24bbc (base 13) in base 10?
67924
What is -1937913 (base 11) in base 3?
-20011101221202
What is 1ab9a3 (base 12) in base 11?
2a6100
What is 230120101031 (base 4) in base 9?
23801438
5b4b56 (base 16) to base 10
5983062
What is 122133001113 (base 4) in base 12?
23a99b3
Convert 804535 (base 11) to base 2.
100111100000000100111
What is 33455355 (base 7) in base 6?
142131423
3362063 (base 8) to base 7
10511122
What is 7d582 (base 15) in base 3?
202022000012
Convert 5a427 (base 12) to base 4.
131223133
What is -44ca0c (base 13) in base 11?
-a1182a
-a959b (base 14) to base 4
-1210011311
Convert -142582 (base 10) to base 5.
-14030312
What is -267016 (base 12) in base 2?
-10011010110101010010
-2023124210 (base 5) to base 2
-1111101100011110000001
What is 2dc410 (base 16) in base 10?
2999312
Convert 22023 (base 10) to base 14.
8051
What is 11d4c (base 16) in base 15?
16991
What is -81293c (base 16) in base 5?
-4131332300
6234a (base 12) to base 9
215064
-11d211 (base 14) to base 9
-1132844
7332793 (base 11) to base 16
c5521e
What is 120545205 (base 6) in base 15?
301e3e
What is 2541838 (base 10) in base 2?
1001101100100100001110
2000322232 (base 4) to base 16
80eae
Convert -1331321230 (base 4) to base 6.
-15015244
Convert -d4d2c (base 14) to base 2.
-1111101001111001100
101000101001101010100 (base 2) to base 9
2450207
What is -101001001110111 (base 2) in base 3?
-1001221220
Convert 236399 (base 10) to base 11.
151679
6ddb (base 14) to base 9
28308
Convert -243353143 (base 6) to base 9.
-8665770
Convert -2110100022220 (base 3) to base 13.
-369513
What is -882682 (base 9) in base 7?
-4323101
Convert 1460b30 (base 12) to base 15.
561ed3
22022010332 (base 4) to base 9
5007505
What is 19b718 (base 12) in base 6?
13432432
156479 (base 12) to base 15
72ab9
3253234 (base 6) to base 15
33347
What is 10040 (base 12) in base 15?
6259
What is 1a86b8 (base 12) in base 9?
787105
-19ace6 (base 16) to base 13
-46bb77
67616 (base 10) to base 12
33168
Convert 101111111011001011 (base 2) to base 5.
22240144
What is -c6031 (base 13) in base 5?
-42342304
Convert -9898 (base 15) to base 7.
-163136
What is -1400211 (base 7) in base 10?
-184983
Convert 6dd30 (base 14) to base 8.
1014726
1001110000000111110110 (base 2) to base 13
6b6788
3f7893 (base 16) to base 15
572740
What is -2962865 (base 10) in base 7?
-34120043
What is c543c (base 13) in base 12?
151150
-2221434 (base 7) to base 14
-71d54
What is -a6dd3b (base 15) in base 3?
-112221121121102
Convert 122230132033 (base 4) to base 15.
9336bd
What is -505433 (base 14) in base 5?
-1143004134
-112130313 (base 4) to base 12
-45273
-403db (base 16) to base 15
-52e71
Convert 30a115 (base 11) to base 2.
1111001001111011000
What is -41050334 (base 7) in base 16?
-343efe
21256d (base 14) to base 10
1120629
Convert 611615 (base 11) to base 7.
11232643
What is -8445002 (base 9) in base 14?
-85850b
-545142 (base 6) to base 12
-221b2
1100101100010001101 (base 2) to base 13
1173b2
Convert -208445 (base 9) to base 16.
-1e587
4366c1 (base 14) to base 16
22db41
Convert -14cb3c (base 13) to base 5.
-112420221
Convert 1101101110001010 (base 2) to base 4.
31232022
Convert -44636 (base 9) to base 12.
-15213
What is 34967 (base 16) in base 14?
586d9
-27850 (base 10) to base 13
-c8a4
-111337 (base 9) to base 14
-1a3c4
25304b (base 13) to base 4
3121302031
282084 (base 10) to base 8
1046744
Convert -47c97 (base 14) to base 2.
-101010110011111101
-635371 (base 9) to base 11
-238a42
Convert -3b42 (base 16) to base 2.
-11101101000010
What is -a2d5c (base 14) in base 8?
-1376126
Convert -83266 (base 11) to base 5.
-12341220
-88064 (base 13) to base 15
-4cdeb
What is -17414 (base 14) in base 5?
-3332201
75499 (base 11) to base 10
109734
35761 (base 13) to base 12
4880a
What is -23410142 (base 5) in base 2?
-110100110011101001
4a273 (base 16) to base 9
512568
Convert -2428a (base 14) to base 12.
-43142
What is -41215323 (base 6) in base 11?
-739994
What is -42314243 (base 7) in base 13?
-9862b5
Convert -158197b (base 12) to base 15.
-5bd6bb
Convert -1311b3 (base 12) to base 10.
-313047
Convert 11000111111101010 (base 2) to base 10.
102378
-4605a2 (base 11) to base 2
-10110010111001011111
Convert 101001100000100111 (base 2) to base 10.
170023
-13013033310 (base 4) to base 9
-3451780
What is 1354236 (base 7) in base 3?
100020001220
Convert -5810485 (base 10) to base 12.
-1b42671
84466 (base 10) to base 9
137771
Convert -11011011111001001111 (base 2) to base 15.
-12bd0c
Convert 61642 (base 11) to base 8.
257535
101110010100010000 (base 2) to base 14
4d1cc
What is -24d24 (base 15) in base 6?
-2304541
Convert -273239 (base 12) to base 13.
-19913a
203550223 (base 6) to base 2
1101100001011001000111
Convert 30031327 (base 8) to base 14.
ba1795
-34223333 (base 8) to base 15
-9b72ca
Convert -80784 (base 12) to base 8.
-506124
What is 10034133122 (base 5) in base 8?
46317710
Convert 1110010011101011010 (base 2) to base 4.
1302131122
Convert 260413 (base 7) to base 2.
1011110001100010
What is 3249167 (base 10) in base 8?
14312017
What is -30010220013 (base 4) in base 2?
-1100000100101000000111
Convert 152108 (base 13) to base 7.
4260104
399f2 (base 16) to base 13
83573
Convert -7840444 (base 10) to base 13.
-1816921
Convert -179743 (base 10) to base 15.
-383cd
Convert -164386 (base 9) to base 2.
-11000110100010100
249964 (base 12) to base 7
5036035
-2717b (base 15) to base 12
-60568
What is -76812 (base 11) in base 13?
-3b965
22112202100211 (base 3) to base 8
21246757
Convert 449c (base 16) to base 3.
220002112
-6335521 (base 7) to base 16
-bae35
-52343 (base 11) to base 5
-4420102
What is 222011212011 (base 3) in base 15?
a2a34
Convert 6034324 (base 7) to base 13.
1c037b
21969b (base 12) to base 9
1004712
-612062 (base 7) to base 15
-20c18
What is 2102012111102 (base 3) in base 11?
7a726a
-503220 (base 6) to base 11
-27841
Convert 73902 (base 11) to base 9.
173503
What is -80146 (base 12) in base 16?
-288c6
Convert -1a17a (base 12) to base 11.
-26817
Convert -4442435 (base 6) to base 10.
-223511
Convert -301222001 (base 4) to base 10.
-203393
What is 8c0c60 (base 13) in base 8?
14512756
-34bb8 (base 13) to base 4
-113203201
Convert -100002110111222 (base 3) to base 7.
-56031614
Convert 43573 (base 12) to base 14.
245a7
What is 13322040 (base 5) in base 12?
66787
-22a481 (base 12) to base 2
-10001000000000100001
-5189 (base 11) to base 4
-1223121
What is 7857b (base 14) in base 15?
5b788
53512 (base 15) to base 16
408c8
What is 8511837 (base 9) in base 12?
1637a21
9b94 (base 14) to base 5
1330412
-1911aa (base 13) to base 4
-2122001000
Convert -c00e (base 15) to base 11.
-28491
What is 251b4 (base 13) in base 7?
403325
Convert 244475 (base 10) to base 16.
3bafb
Convert 176ac (base 14) to base 13.
20aaa
102233021 (base 5) to base 3
210212101020
Convert bd0138 (base 15) to base 6.
521052012
What is 7a2440 (base 12) in base 11?
1114575
Convert 11261024 (base 8) to base 12.
9a1958
What is b5b39b (base 16) in base 15?
10a3465
What is -42798aa (base 11) in base 8?
-34547074
Convert 67030c (base 14) to base 6.
202535144
24421034 (base 5) to base 7
1656156
What is 232012031013 (base 4) in base 7?
204466302
-11002101 (base 5) to base 3
-11202222110
-4521a (base 12) to base 7
-531625
What is 2425427 (base 9) in base 5?
314104234
What is -c25c3a (base 13) in base 8?
-21207204
19921 (base 15) to base 3
11012221011
Convert 1040214230 (base 5) to base 13.
617812
Convert 6c00c (base 15) to base 13.
c0909
What is 1274607 (base 9) in base 7?
5640352
-2423c (base 13) to base 9
-110845
What is -521558 (base 11) in base 2?
-11001100001110111000
341517 (base 9) to base 3
101101120121
50234523 (base 6) to base 13
3a9557
What is -1732b (base 15) in base 6?
-1335022
What is 34966 (base 10) in base 3?
1202222001
54027 (base 14) to base 6
4204123
What is 223210 (base 4) in base 6?
20524
What is 22955 (base 11) in base 12?
17199
What is 11566c3 (base 13) in base 14?
9d58aa
11421041001 (base 5) to base 4
303111012013
Convert 10614522 (base 7) to base 8.
3425243
-14368494 (base 10) to base 8
-66637356
What is -11316314 (base 7) in base 9?
-1777512
What is -2110122121 (base 3) in base 12?
-24151
1000001000